{"id":23,"date":"2023-01-10T15:34:47","date_gmt":"2023-01-10T15:34:47","guid":{"rendered":"https:\/\/carpinterialafabrica.com\/?page_id=23"},"modified":"2025-05-30T06:19:09","modified_gmt":"2025-05-30T06:19:09","slug":"politica-de-privacidad","status":"publish","type":"page","link":"https:\/\/carpinterialafabrica.com\/?page_id=23","title":{"rendered":"Pol\u00edtica de privacidad"},"content":{"rendered":"<p>Carpinteria La F\u00e1brica para proteger los derechos individuales, sobre todo en relaci\u00f3n con los tratamientos automatizados y con voluntad de ser transparentes con el Usuario, ha establecido una pol\u00edtica que recoge el conjunto de dichos tratamientos, los fines perseguidos por estos \u00faltimos, la legitimidad de los mismos y tambi\u00e9n los instrumentos a disposici\u00f3n del Usuario para que pueda ejercer sus derechos.<\/p>\n<p>La navegaci\u00f3n en este sitio web implica la total aceptaci\u00f3n de las siguientes disposiciones y condiciones de utilizaci\u00f3n. Se aceptar\u00e1 la utilizaci\u00f3n de cookies. En caso de no estar de acuerdo env\u00eda\u00a0un correo electr\u00f3nico a info@carpinterialafabrica.com<\/p>\n<p>La versi\u00f3n actualizada de esta pol\u00edtica de privacidad es la \u00fanica aplicable durante la duraci\u00f3n del uso del sitio web hasta que no haya otra versi\u00f3n que la sustituya.<\/p>\n<p>Para una m\u00e1s informaci\u00f3n complementaria sobre la protecci\u00f3n de datos personales te invitamos a consultar la p\u00e1gina web de la AEPD (Agencia Espa\u00f1ola de Protecci\u00f3n de Datos)\u00a0https:\/\/www.agpd.es\/portalwebAGPD\/index-ides-idphp.php<\/p>\n<p><strong>Recogida de datos<\/strong><\/p>\n<p>Un dato de car\u00e1cter personal se refiere a toda la informaci\u00f3n referida a una persona f\u00edsica identificada o identificable (persona afectada). Se entiende como identificable una persona que pueda ser identificada, directa o indirectamente, sobre todo por referencia a un nombre, un n\u00famero de identificaci\u00f3n (DNI, NIF, NIE, pasaporte) o a uno o varios elementos espec\u00edficos, propios a su identidad f\u00edsica, fisiol\u00f3gica, gen\u00e9tica, ps\u00edquica, econ\u00f3mica, cultural o social.<\/p>\n<p>Los datos que con car\u00e1cter general ser\u00e1n recopilados son: Nombre y apellidos, direcci\u00f3n, correo electr\u00f3nico, n\u00famero de tel\u00e9fono, fecha de nacimiento, datos relacionados con medios de pago. Se podr\u00e1n recopilar otro tipo de datos siendo informado el Usuario.<\/p>\n<p><strong>\u00bfCon qu\u00e9 finalidad se tratan\u00a0tus datos personales?<\/strong><\/p>\n<p>La finalidad del tratamiento de los datos personales que se puedan recoger son usarlos principalmente por la web para la gesti\u00f3n de su relaci\u00f3n contigo,\u00a0poder ofrecerte productos y servicios de acuerdo con tus intereses, mejorar tu experiencia de usuario y en su caso, para el tratamiento de sus solicitudes, peticiones o pedidos. Se elaborar\u00e1 un perfil comercial en base a la informaci\u00f3n que le\u00a0facilites. No se realizar\u00e1n decisiones automatizadas en base a dicho perfil.<\/p>\n<p>Los datos proporcionados se conservar\u00e1n mientras se mantenga la relaci\u00f3n comercial, siempre que no se\u00a0solicite por el interesado su supresi\u00f3n, o durante los a\u00f1os necesarios para cumplir las obligaciones legales.<\/p>\n<p>Se registrar\u00e1n en el fichero de cliente y su tratamiento quedar\u00e1 registrado en el registro de tratamientos que debe llevar Carpinteria La F\u00e1brica (antes del 25 de mayo de 2018 tambi\u00e9n podr\u00eda estar incluido en el fichero elaborado con los datos personales registrado en la AEPD (Agencia Espa\u00f1ola de Protecci\u00f3n de datos) u \u00f3rgano competente de las respectiva Comunidad Aut\u00f3noma).<\/p>\n<p><strong>\u00bfCu\u00e1l es la legitimaci\u00f3n para el tratamiento de tus datos?<\/strong><\/p>\n<p>La base legal para el tratamiento de tus\u00a0datos personales es:<\/p>\n<p>&#8211; La correcta ejecuci\u00f3n o cumplimiento del contrato<\/p>\n<p>&#8211; El inter\u00e9s leg\u00edtimo de Carpinteria La F\u00e1brica<\/p>\n<p>&#8211; El consentimiento del usuario o cliente para el tratamiento de sus datos<\/p>\n<p><strong>\u00bfA qu\u00e9 destinatarios se comunicar\u00e1n los datos?<\/strong><\/p>\n<p>Los datos personales del Usuario podr\u00e1n eventualmente ser comunicados a terceros relacionados con Carpinteria La F\u00e1brica por contrato para la realizaci\u00f3n de las tareas necesarias para la gesti\u00f3n de su cuenta como cliente y sin que tenga que dar su autorizaci\u00f3n.<\/p>\n<p>Tambi\u00e9n cuando tuvieran que hacerse comunicaciones a las autoridades en caso de que el Usuario hubiera realizado acciones contrarias a la Ley o incumplido el contenido del aviso legal.<\/p>\n<p>Los datos del Usuario podr\u00e1n comunicarse a otras empresas del grupo, si las hubiese, para fines administrativos internos que podr\u00edan suponer un tratamiento de esos datos.<\/p>\n<p>Los datos personales del Usuario podr\u00e1n transferirse a un tercer pa\u00eds o a una organizaci\u00f3n internacional, pero\u00a0se le deber\u00e1 informar cuando se vaya a producir esa transferencia, y de las condiciones de la misma y del destinatario.<\/p>\n<p>Cuando algunos datos sean obligatorios para acceder a funcionalidades concretas del sitio web, Carpinteria La F\u00e1brica indicar\u00e1 dicho car\u00e1cter obligatorio en el momento de la recogida de datos del Usuario.<\/p>\n<p><strong>Cookies<\/strong><\/p>\n<p>Durante la primera navegaci\u00f3n, aparecer\u00e1 un banner\u00a0explicativo sobre el uso de cookies, que incluye la posibilidad de aceptar todas las cookies o solo las cookies t\u00e9cnicas, esenciales para el funcionamiento de la plataforma; con exclusi\u00f3n de las cookies anal\u00edticas y publicitarias.<\/p>\n<p>Para una mayor informaci\u00f3n consulte nuestra pol\u00edtica de cookies.<\/p>\n<p><strong>Derechos del usuario<\/strong><\/p>\n<p>Se informa al usuario de la posibilidad de ejercer sus derechos de acceso, rectificaci\u00f3n, cancelaci\u00f3n y oposici\u00f3n. Tambi\u00e9n cada persona dispone del derecho de limitaci\u00f3n del tratamiento relativo a su persona, de un derecho de eliminaci\u00f3n de transferencia de datos personales transmitidos al responsable del tratamiento y del derecho a la portabilidad de sus datos.<\/p>\n<p>El usuario tiene la posibilidad de presentar una reclamaci\u00f3n ante la AEPD (Agencia Espa\u00f1ola de Protecci\u00f3n de Datos) u organismo competente de la respectiva Comunidad Aut\u00f3noma, cuando no haya obtenido una soluci\u00f3n satisfactoria en el ejercicio de sus derechos mediante un escrito dirigido a la misma.<\/p>\n<p>Salvo que el Usuario se oponga, enviando un email\u00a0a la direcci\u00f3n de correo electr\u00f3nico info@carpinterialafabrica.com , sus datos podr\u00e1n ser utilizados, en su caso, si procede, para el env\u00edo de informaci\u00f3n comercial de Carpinteria La F\u00e1brica .<\/p>\n<p>Los datos proporcionados se conservar\u00e1n mientras se mantenga la relaci\u00f3n comercial o durante los a\u00f1os necesarios para cumplir las obligaciones legales.<\/p>\n<p>El Usuario es responsable de que la informaci\u00f3n que proporcione a trav\u00e9s de esta p\u00e1gina web sea cierta, respondiendo de la exactitud\u00a0de todos los datos que comunique y mantendr\u00e1 actualizada la misma para que reflejen una situaci\u00f3n real, siendo responsable de informaciones falsas o inexactas que proporcione y de los da\u00f1os, molestias y problemas que pudieran causar a Carpinteria La F\u00e1brica o a terceros.<\/p>\n<p>Esa informaci\u00f3n ser\u00e1 guardada y gestionada con la debida confidencialidad, aplicando las medidas de seguridad inform\u00e1tica\u00a0necesarias para impedir el acceso o uso indebido de sus datos, su manipulaci\u00f3n, deterioro o p\u00e9rdida.<\/p>\n<p>No obstante, el Usuario debe tener en cuenta que la seguridad de los sistemas inform\u00e1ticos nunca es absoluta. Cuando se facilitan datos personales por internet, dicha informaci\u00f3n pudiera ser recogida sin su consentimiento y tratada por terceros no autorizados.<\/p>\n<p>Carpinteria La F\u00e1brica declina, cualquier tipo de responsabilidad\u00a0sobre las consecuencias de esos\u00a0actos puedan tener para el Usuario, si public\u00f3 la informaci\u00f3n voluntariamente.<\/p>\n<p>Podr\u00e1 acceder y ejercitar esos derechos mediante solicitud por escrito\u00a0y firmada que podr\u00e1 ser enviada\u00a0la solicitud al siguiente correo electr\u00f3nico: info@carpinterialafabrica.com<\/p>\n<p>Para tu informaci\u00f3n te indicamos que el Delegado de protecci\u00f3n de datos es Carpinteria La F\u00e1brica .<\/p>\n<p>Estos derechos ser\u00e1n atendidos, en el plazo de 1 mes, que podr\u00e1 ampliarse a 2 meses si la complejidad de la solicitud o el n\u00famero de solicitudes recibidas as\u00ed lo exige. Todo ello\u00a0sin perjuicio del deber de conservar ciertos datos en los t\u00e9rminos legales y hasta que prescriban las posibles\u00a0responsabilidades derivadas de un posible tratamiento, o, en su caso, de una relaci\u00f3n contractual.<\/p>\n<p>Adem\u00e1s de lo anterior, y en relaci\u00f3n con\u00a0la normativa de protecci\u00f3n de datos, los usuarios que lo soliciten, tienen la posibilidad de organizar el destino de sus datos despu\u00e9s de su fallecimiento.<\/p>\n","protected":false},"excerpt":{"rendered":"<p>Carpinteria La F\u00e1brica para proteger los derechos individuales, sobre todo en relaci\u00f3n con los tratamientos automatizados y con voluntad de ser transparentes con el Usuario, ha establecido una pol\u00edtica que recoge el conjunto de dichos tratamientos, los fines perseguidos por estos \u00faltimos, la legitimidad de los mismos y tambi\u00e9n los instrumentos a disposici\u00f3n del Usuario [&hellip;]<\/p>\n","protected":false},"author":5,"featured_media":0,"parent":0,"menu_order":0,"comment_status":"closed","ping_status":"closed","template":"","meta":{"footnotes":""},"class_list":["post-23","page","type-page","status-publish","hentry"],"yoast_head":"<!-- This site is optimized with the Yoast SEO plugin v26.9 - https:\/\/yoast.com\/product\/yoast-seo-wordpress\/ -->\n<title>Pol\u00edtica de privacidad - Carpinteria La Fabrica<\/title>\n<meta name=\"robots\" content=\"noindex, nofollow\" \/>\n<meta property=\"og:locale\" content=\"es_ES\" \/>\n<meta property=\"og:type\" content=\"article\" \/>\n<meta property=\"og:title\" content=\"Pol\u00edtica de privacidad - Carpinteria La Fabrica\" \/>\n<meta property=\"og:description\" content=\"Carpinteria La F\u00e1brica para proteger los derechos individuales, sobre todo en relaci\u00f3n con los tratamientos automatizados y con voluntad de ser transparentes con el Usuario, ha establecido una pol\u00edtica que recoge el conjunto de dichos tratamientos, los fines perseguidos por estos \u00faltimos, la legitimidad de los mismos y tambi\u00e9n los instrumentos a disposici\u00f3n del Usuario [&hellip;]\" \/>\n<meta property=\"og:url\" content=\"https:\/\/carpinterialafabrica.com\/?page_id=23\" \/>\n<meta property=\"og:site_name\" content=\"Carpinteria La Fabrica\" \/>\n<meta property=\"article:modified_time\" content=\"2025-05-30T06:19:09+00:00\" \/>\n<meta name=\"twitter:card\" content=\"summary_large_image\" \/>\n<meta name=\"twitter:label1\" content=\"Tiempo de lectura\" \/>\n\t<meta name=\"twitter:data1\" content=\"6 minutos\" \/>\n<script type=\"application\/ld+json\" class=\"yoast-schema-graph\">{\"@context\":\"https:\/\/schema.org\",\"@graph\":[{\"@type\":\"WebPage\",\"@id\":\"https:\/\/carpinterialafabrica.com\/?page_id=23\",\"url\":\"https:\/\/carpinterialafabrica.com\/?page_id=23\",\"name\":\"Pol\u00edtica de privacidad - Carpinteria La Fabrica\",\"isPartOf\":{\"@id\":\"https:\/\/carpinterialafabrica.com\/#website\"},\"datePublished\":\"2023-01-10T15:34:47+00:00\",\"dateModified\":\"2025-05-30T06:19:09+00:00\",\"breadcrumb\":{\"@id\":\"https:\/\/carpinterialafabrica.com\/?page_id=23#breadcrumb\"},\"inLanguage\":\"es\",\"potentialAction\":[{\"@type\":\"ReadAction\",\"target\":[\"https:\/\/carpinterialafabrica.com\/?page_id=23\"]}]},{\"@type\":\"BreadcrumbList\",\"@id\":\"https:\/\/carpinterialafabrica.com\/?page_id=23#breadcrumb\",\"itemListElement\":[{\"@type\":\"ListItem\",\"position\":1,\"name\":\"Portada\",\"item\":\"https:\/\/carpinterialafabrica.com\/\"},{\"@type\":\"ListItem\",\"position\":2,\"name\":\"Pol\u00edtica de privacidad\"}]},{\"@type\":\"WebSite\",\"@id\":\"https:\/\/carpinterialafabrica.com\/#website\",\"url\":\"https:\/\/carpinterialafabrica.com\/\",\"name\":\"Carpinteria La Fabrica\",\"description\":\"Si buscas calidad, transparencia y un trabajo profesional, Carpinter\u00eda La F\u00e1brica es ti mejor opci\u00f3n. \u00a1Creatividad e Innovaci\u00f3n!\",\"publisher\":{\"@id\":\"https:\/\/carpinterialafabrica.com\/#organization\"},\"alternateName\":\"Carpinteria La Fabrica\",\"potentialAction\":[{\"@type\":\"SearchAction\",\"target\":{\"@type\":\"EntryPoint\",\"urlTemplate\":\"https:\/\/carpinterialafabrica.com\/?s={search_term_string}\"},\"query-input\":{\"@type\":\"PropertyValueSpecification\",\"valueRequired\":true,\"valueName\":\"search_term_string\"}}],\"inLanguage\":\"es\"},{\"@type\":\"Organization\",\"@id\":\"https:\/\/carpinterialafabrica.com\/#organization\",\"name\":\"Carpinteria La Fabrica\",\"url\":\"https:\/\/carpinterialafabrica.com\/\",\"logo\":{\"@type\":\"ImageObject\",\"inLanguage\":\"es\",\"@id\":\"https:\/\/carpinterialafabrica.com\/#\/schema\/logo\/image\/\",\"url\":\"https:\/\/carpinterialafabrica.com\/wp-content\/uploads\/2023\/01\/La-fabrica-bn-1.png\",\"contentUrl\":\"https:\/\/carpinterialafabrica.com\/wp-content\/uploads\/2023\/01\/La-fabrica-bn-1.png\",\"width\":708,\"height\":486,\"caption\":\"Carpinteria La Fabrica\"},\"image\":{\"@id\":\"https:\/\/carpinterialafabrica.com\/#\/schema\/logo\/image\/\"}}]}<\/script>\n<!-- \/ Yoast SEO plugin. -->","yoast_head_json":{"title":"Pol\u00edtica de privacidad - Carpinteria La Fabrica","robots":{"index":"noindex","follow":"nofollow"},"og_locale":"es_ES","og_type":"article","og_title":"Pol\u00edtica de privacidad - Carpinteria La Fabrica","og_description":"Carpinteria La F\u00e1brica para proteger los derechos individuales, sobre todo en relaci\u00f3n con los tratamientos automatizados y con voluntad de ser transparentes con el Usuario, ha establecido una pol\u00edtica que recoge el conjunto de dichos tratamientos, los fines perseguidos por estos \u00faltimos, la legitimidad de los mismos y tambi\u00e9n los instrumentos a disposici\u00f3n del Usuario [&hellip;]","og_url":"https:\/\/carpinterialafabrica.com\/?page_id=23","og_site_name":"Carpinteria La Fabrica","article_modified_time":"2025-05-30T06:19:09+00:00","twitter_card":"summary_large_image","twitter_misc":{"Tiempo de lectura":"6 minutos"},"schema":{"@context":"https:\/\/schema.org","@graph":[{"@type":"WebPage","@id":"https:\/\/carpinterialafabrica.com\/?page_id=23","url":"https:\/\/carpinterialafabrica.com\/?page_id=23","name":"Pol\u00edtica de privacidad - Carpinteria La Fabrica","isPartOf":{"@id":"https:\/\/carpinterialafabrica.com\/#website"},"datePublished":"2023-01-10T15:34:47+00:00","dateModified":"2025-05-30T06:19:09+00:00","breadcrumb":{"@id":"https:\/\/carpinterialafabrica.com\/?page_id=23#breadcrumb"},"inLanguage":"es","potentialAction":[{"@type":"ReadAction","target":["https:\/\/carpinterialafabrica.com\/?page_id=23"]}]},{"@type":"BreadcrumbList","@id":"https:\/\/carpinterialafabrica.com\/?page_id=23#breadcrumb","itemListElement":[{"@type":"ListItem","position":1,"name":"Portada","item":"https:\/\/carpinterialafabrica.com\/"},{"@type":"ListItem","position":2,"name":"Pol\u00edtica de privacidad"}]},{"@type":"WebSite","@id":"https:\/\/carpinterialafabrica.com\/#website","url":"https:\/\/carpinterialafabrica.com\/","name":"Carpinteria La Fabrica","description":"Si buscas calidad, transparencia y un trabajo profesional, Carpinter\u00eda La F\u00e1brica es ti mejor opci\u00f3n. \u00a1Creatividad e Innovaci\u00f3n!","publisher":{"@id":"https:\/\/carpinterialafabrica.com\/#organization"},"alternateName":"Carpinteria La Fabrica","potentialAction":[{"@type":"SearchAction","target":{"@type":"EntryPoint","urlTemplate":"https:\/\/carpinterialafabrica.com\/?s={search_term_string}"},"query-input":{"@type":"PropertyValueSpecification","valueRequired":true,"valueName":"search_term_string"}}],"inLanguage":"es"},{"@type":"Organization","@id":"https:\/\/carpinterialafabrica.com\/#organization","name":"Carpinteria La Fabrica","url":"https:\/\/carpinterialafabrica.com\/","logo":{"@type":"ImageObject","inLanguage":"es","@id":"https:\/\/carpinterialafabrica.com\/#\/schema\/logo\/image\/","url":"https:\/\/carpinterialafabrica.com\/wp-content\/uploads\/2023\/01\/La-fabrica-bn-1.png","contentUrl":"https:\/\/carpinterialafabrica.com\/wp-content\/uploads\/2023\/01\/La-fabrica-bn-1.png","width":708,"height":486,"caption":"Carpinteria La Fabrica"},"image":{"@id":"https:\/\/carpinterialafabrica.com\/#\/schema\/logo\/image\/"}}]}},"_links":{"self":[{"href":"https:\/\/carpinterialafabrica.com\/index.php?rest_route=\/wp\/v2\/pages\/23","targetHints":{"allow":["GET"]}}],"collection":[{"href":"https:\/\/carpinterialafabrica.com\/index.php?rest_route=\/wp\/v2\/pages"}],"about":[{"href":"https:\/\/carpinterialafabrica.com\/index.php?rest_route=\/wp\/v2\/types\/page"}],"author":[{"embeddable":true,"href":"https:\/\/carpinterialafabrica.com\/index.php?rest_route=\/wp\/v2\/users\/5"}],"replies":[{"embeddable":true,"href":"https:\/\/carpinterialafabrica.com\/index.php?rest_route=%2Fwp%2Fv2%2Fcomments&post=23"}],"version-history":[{"count":2,"href":"https:\/\/carpinterialafabrica.com\/index.php?rest_route=\/wp\/v2\/pages\/23\/revisions"}],"predecessor-version":[{"id":167,"href":"https:\/\/carpinterialafabrica.com\/index.php?rest_route=\/wp\/v2\/pages\/23\/revisions\/167"}],"wp:attachment":[{"href":"https:\/\/carpinterialafabrica.com\/index.php?rest_route=%2Fwp%2Fv2%2Fmedia&parent=23"}],"curies":[{"name":"wp","href":"https:\/\/api.w.org\/{rel}","templated":true}]}}